rs of 3745515027.
3, 2539, 491731
What are the prime factors of 19181642?
2, 263, 36467
What are the prime factors of 913084160?
2, 5, 713347
What are the prime factors of 1072622355?
3, 5, 7, 283, 36097
List the prime factors of 4859827.
7, 694261
List the prime factors of 527368381.
191, 2761091
What are the prime factors of 84627245?
5, 16925449
What are the prime factors of 81682531?
7, 29, 211, 1907
List the prime factors of 527673922.
2, 263836961
What are the prime factors of 1977170776?
2, 7, 37, 136319
What are the prime factors of 484388699?
484388699
List the prime factors of 3580817991.
3, 43, 2143, 12953
List the prime factors of 135779705.
5, 251, 108191
List the prime factors of 27516271.
37, 569, 1307
What are the prime factors of 59878659?
3, 131, 152363
List the prime factors of 753506952.
2, 3, 11, 673, 4241
What are the prime factors of 57566733?
3, 7, 2741273
What are the prime factors of 1957441352?
2, 41, 5967809
List the prime factors of 1591343571.
3, 73, 617, 11777
What are the prime factors of 298408899?
3, 99469633
List the prime factors of 121454310.
2, 3, 5, 4048477
What are the prime factors of 74747314?
2, 1223, 30559
What are the prime factors of 41299014?
2, 3, 113, 60913
What are the prime factors of 159320594?
2, 31, 37, 199, 349
What are the prime factors of 579810433?
579810433
What are the prime factors of 105137401?
17, 1559, 3967
List the prime factors of 185237747.
89, 2081323
What are the prime factors of 46500614?
2, 59, 394073
What are the prime factors of 25858805?
5, 7, 31, 23833
What are the prime factors of 80186840?
2, 5, 19, 105509
What are the prime factors of 14084479?
14084479
What are the prime factors of 67213954?
2, 17, 269, 7349
What are the prime factors of 35953528?
2, 13, 345707
List the prime factors of 52827971.
7, 37, 203969
What are the prime factors of 1429610210?
2, 5, 7, 109, 187367
What are the prime factors of 1285004909?
35797, 35897
What are the prime factors of 125846944?
2, 3932717
List the prime factors of 6612578725.
5, 264503149
List the prime factors of 628460834.
2, 19, 401, 41243
List the prime factors of 109457459.
239, 457981
List the prime factors of 6255983.
17, 21647
What are the prime factors of 41573624?
2, 53, 71, 1381
What are the prime factors of 99987745?
5, 11, 13, 12713
List the prime factors of 128957548.
2, 29, 1111703
What are the prime factors of 64227620?
2, 5, 431, 7451
List the prime factors of 410045696.
2, 1601741
List the prime factors of 282678809.
7, 23, 1755769
What are the prime factors of 3768457?
7, 11, 109, 449
What are the prime factors of 547038290?
2, 5, 97, 547, 1031
List the prime factors of 34426073.
11, 107, 2659
What are the prime factors of 10189555?
5, 2037911
List the prime factors of 630775998.
2, 3, 432631
What are the prime factors of 347759009?
13, 353, 75781
What are the prime factors of 149500191?
3, 29, 1718393
List the prime factors of 69343688.
2, 8667961
List the prime factors of 5556089198.
2, 11, 252549509
What are the prime factors of 2845963874?
2, 13, 199, 563, 977
What are the prime factors of 1393718542?
2, 47, 14826793
List the prime factors of 44986238.
2, 11, 47, 139, 313
What are the prime factors of 557237470?
2, 5, 73, 763339
List the prime factors of 581181696.
2, 3, 47, 1789
What are the prime factors of 89842137?
3, 7, 11, 5051
List the prime factors of 387305759.
29, 13355371
What are the prime factors of 238740747?
3, 7, 11368607
What are the prime factors of 26849448?
2, 3, 124303
What are the prime factors of 395596177?
31, 83, 153749
What are the prime factors of 241029168?
2, 3, 1013, 4957
List the prime factors of 1374474537.
3, 152719393
What are the prime factors of 3850935122?
2, 1925467561
What are the prime factors of 543785588?
2, 3181, 42737
What are the prime factors of 1111638304?
2, 7, 101279
List the prime factors of 664959762.
2, 3, 23, 89, 18047
List the prime factors of 5122674971.
157, 557, 58579
What are the prime factors of 1900342720?
2, 5, 173, 34327
What are the prime factors of 103315243?
103315243
List the prime factors of 27161439.
3, 9053813
What are the prime factors of 691145371?
7, 29, 3404657
List the prime factors of 48740289.
3, 13, 23, 67, 811
What are the prime factors of 350810865?
3, 5, 2598599
List the prime factors of 173408787.
3, 61, 263, 1201
List the prime factors of 1872329022.
2, 3, 104018279
List the prime factors of 969200622.
2, 3, 13, 1307, 3169
What are the prime factors of 1990827380?
2, 5, 29, 191, 17971
What are the prime factors of 1058783169?
3, 71, 1459, 3407
What are the prime factors of 7279789457?
7279789457
What are the prime factors of 117504823?
337, 431, 809
What are the prime factors of 54886445?
5, 10977289
List the prime factors of 39916569.
3, 7, 11, 23, 683
List the prime factors of 979947728.
2, 17, 3602749
What are the prime factors of 95233306?
2, 7, 6802379
What are the prime factors of 644773960?
2, 5, 17, 31, 73, 419
List the prime factors of 181551298.
2, 1789, 50741
List the prime factors of 4989688082.
2, 131, 19044611
What are the prime factors of 80106229?
7, 137, 11933
What are the prime factors of 4156154039?
4156154039
List the prime factors of 2470655870.
2, 5, 29, 71, 119993
List the prime factors of 2156037598.
2, 11, 13, 127, 59359
List the prime factors of 4538460985.
5, 6311, 143827
List the prime factors of 16134074.
2, 11, 31, 41, 577
List the prime factors of 41454986.
2, 20727493
List the prime factors of 443943491.
17, 401, 65123
What are the prime factors of 87960400?
2, 5, 11, 19991
What are the prime factors of 81882337?
81882337
List the prime factors of 105540684.
2, 3, 8795057
What are the prime factors of 575851040?
2, 5, 31, 116099
List the prime factors of 379886552.
2, 821, 57839
What are the prime factors of 102505562?
2, 109, 470209
What are the prime factors of 734115094?
2, 13291, 27617
List the prime factors of 694343752.
2, 19, 29, 157519
What are the prime factors of 56418978?
2, 3, 7, 11, 29, 4211
List the prime factors of 161982905.
5, 7, 23, 31, 6491
List the prime factors of 116603163.
3, 947, 13681
What are the prime factors of 55790819?
7, 2647, 3011
List the prime factors of 1358235305.
5, 7, 38806723
What are the prime factors of 4534780541?
53, 1367, 62591
List the prime factors of 18370409.
18370409
What are the prime factors of 383950865?
5, 17, 29, 109, 1429
List the prime factors of 471866681.
11, 13, 1093, 3019
What are the prime factors of 250059885?
3, 5, 17, 79, 12413
List the prime factors of 2015365981.
2015365981
List the prime factors of 632077701.
3, 210692567
What are the prime factors of 72656680?
2, 5, 241, 7537
What are the prime factors of 602138720?
2, 5, 1061, 3547
What are the prime factors of 351383308?
2, 3457, 25411
List the prime factors of 756369294.
2, 3, 126061549
What are the prime factors of 3083828880?
2, 3, 5, 11, 281, 4157
List the prime factors of 7514858048.
2, 117419657
What are the prime factors of 300144728?
2, 13, 31, 93097
What are the prime factors of 815419773?
3, 7, 17, 761363
What are the prime factors of 109082091?
3, 59, 61, 10103
What are the prime factors of 219382840?
2, 5, 47, 61, 1913
List the prime factors of 188978688.
2, 3, 41011
What are the prime factors of 49920711?
3, 823, 20219
List the prime factors of 641026166.
2, 11, 109, 267317
What are the prime factors of 4495216334?
2, 7, 331, 970051
List the prime factors of 625355452.
2, 41, 3813143
List the prime factors of 1636424982.
2, 3, 149, 181, 3371
What are the prime factors of 318005422?
2, 7, 22714673
List the prime factors of 399017174.
2, 199508587
List the prime factors of 84749404.
2, 21187351
What are the prime factors of 48091211?
7, 71, 96763
List the prime factors of 104203066.
2, 11, 587, 8069
What are the prime factors of 24209101?
7, 173, 19991
What are the prime factors of 41806008?
2, 3, 580639
List the prime factors of 49136358.
2, 3, 17, 43, 659
List the prime factors of 3628891412.
2, 20719, 43787
What are the prime factors of 1209413472?
2, 3, 12598057
What are the prime factors of 98031627?
3, 59, 73, 281
List the prime factors of 641934056.
2, 80241757
List the prime factors of 573653661.
3, 7, 17, 37, 137, 317
List the prime factors of 152894